millions digit of 256102878?
2
What is the thousands digit of 300530207?
0
What is the millions digit of 280540032?
0
What is the ten millions digit of 84125549?
8
What is the hundred millions digit of 886440105?
8
What is the ten millions digit of 87015417?
8
What is the ten millions digit of 822117384?
2
What is the tens digit of 5143859?
5
What is the units digit of 706855983?
3
What is the hundreds digit of 26090278?
2
What is the ten thousands digit of 481842166?
4
What is the ten millions digit of 99714772?
9
What is the tens digit of 976873302?
0
What is the billions digit of 2076367157?
2
What is the thousands digit of 172947269?
7
What is the units digit of 295205753?
3
What is the thousands digit of 358167541?
7
What is the hundred thousands digit of 506852436?
8
What is the hundred millions digit of 307053860?
3
What is the hundreds digit of 753224075?
0
What is the millions digit of 73470277?
3
What is the units digit of 244082903?
3
What is the hundred thousands digit of 184958988?
9
What is the millions digit of 430042744?
0
What is the hundred thousands digit of 7105246887?
2
What is the hundred thousands digit of 21872286?
8
What is the tens digit of 3488731170?
7
What is the ten millions digit of 54637398?
5
What is the thousands digit of 2939249442?
9
What is the hundreds digit of 2965268612?
6
What is the ten thousands digit of 1044394218?
9
What is the ten millions digit of 1116803663?
1
What is the hundreds digit of 21165889?
8
What is the units digit of 5708140?
0
What is the hundred thousands digit of 34480118?
4
What is the hundred millions digit of 7441352461?
4
What is the thousands digit of 2811575916?
5
What is the units digit of 1787978234?
4
What is the hundred millions digit of 1253134285?
2
What is the millions digit of 873557280?
3
What is the ten thousands digit of 594337906?
3
What is the hundreds digit of 830470691?
6
What is the units digit of 38115106?
6
What is the tens digit of 68822728?
2
What is the hundreds digit of 28221396?
3
What is the ten thousands digit of 221385461?
8
What is the hundred thousands digit of 429431646?
4
What is the ten thousands digit of 110495622?
9
What is the ten millions digit of 126203766?
2
What is the hundred thousands digit of 13923332?
9
What is the hundred thousands digit of 273025913?
0
What is the billions digit of 1246808732?
1
What is the hundred millions digit of 149445135?
1
What is the hundreds digit of 139594450?
4
What is the hundred thousands digit of 260354190?
3
What is the ten thousands digit of 142895265?
9
What is the millions digit of 225528417?
5
What is the thousands digit of 142805026?
5
What is the ten millions digit of 891788276?
9
What is the millions digit of 205282800?
5
What is the units digit of 18032730?
0
What is the hundred thousands digit of 70063891?
0
What is the hundred millions digit of 432959636?
4
What is the ten thousands digit of 522546240?
4
What is the millions digit of 2957376726?
7
What is the ten millions digit of 2177798295?
7
What is the thousands digit of 183002236?
2
What is the millions digit of 50727363?
0
What is the ten millions digit of 15350337?
1
What is the units digit of 690505433?
3
What is the hundred thousands digit of 28190245?
1
What is the billions digit of 3790789829?
3
What is the ten millions digit of 38649958?
3
What is the hundreds digit of 3940127?
1
What is the millions digit of 51018835?
1
What is the ten thousands digit of 763231427?
3
What is the thousands digit of 83966573?
6
What is the tens digit of 370963296?
9
What is the hundred millions digit of 300462649?
3
What is the units digit of 62167602?
2
What is the hundred thousands digit of 32594381?
5
What is the ten millions digit of 27784758?
2
What is the ten millions digit of 68946738?
6
What is the ten millions digit of 468989354?
6
What is the thousands digit of 27463347?
3
What is the millions digit of 505988804?
5
What is the billions digit of 2076212913?
2
What is the hundred millions digit of 4861722259?
8
What is the tens digit of 258328063?
6
What is the thousands digit of 2971311137?
1
What is the tens digit of 129842922?
2
What is the tens digit of 253535647?
4
What is the thousands digit of 5341259652?
9
What is the thousands digit of 56923708?
3
What is the tens digit of 160802678?
7
What is the ten millions digit of 6038121174?
3
What is the billions digit of 6486924505?
6
What is the millions digit of 70143754?
0
What is the units digit of 388671469?
9
What is the hundreds digit of 105061514?
5
What is the hundred millions digit of 549626839?
5
What is the thousands digit of 34186764?
6
What is the millions digit of 217793147?
7
What is the hundred thousands digit of 2844601644?
6
What is the units digit of 74303260?
0
What is the tens digit of 299694446?
4
What is the thousands digit of 70803?
0
What is the hundred millions digit of 1409096173?
4
What is the ten thousands digit of 868578206?
7
What is the thousands digit of 83793119?
3
What is the hundred thousands digit of 3209844726?
8
What is the hundreds digit of 257789286?
2
What is the millions digit of 7077697531?
7
What is the hundred thousands digit of 269267228?
2
What is the ten millions digit of 377622091?
7
What is the units digit of 237564746?
6
What is the units digit of 138638954?
4
What is the units digit of 146000657?
7
What is the hundred millions digit of 204279669?
2
What is the tens digit of 331963583?
8
What is the ten millions digit of 133078864?
3
What is the hundred thousands digit of 90581394?
5
What is the ten thousands digit of 499609035?
0
What is the hundred thousands digit of 3819815500?
8
What is the units digit of 68183188?
8
What is the ten millions digit of 32534970?
3
What is the ten thousands digit of 850312329?
1
What is the tens digit of 2568116957?
5
What is the thousands digit of 2994605?
4
What is the ten millions digit of 26688288?
2
What is the ten thousands digit of 145178094?
7
What is the hundred millions digit of 1239044877?
2
What is the tens digit of 218270323?
2
What is the ten millions digit of 28236973?
2
What is the thousands digit of 55194860?
4
What is the thousands digit of 23691780?
1
What is the ten thousands digit of 568476045?
7
What is the billions digit of 2936022815?
2
What is the ten millions digit of 24426182?
2
What is the thousands digit of 73268857?
8
What is the hundreds digit of 91104473?
4
What is the units digit of 333932999?
9
What is the thousands digit of 400851991?
1
What is the hundred thousands digit of 630165932?
1
What is the ten thousands digit of 5367809134?
0
What is the tens digit of 1102897360?
6
What is the ten millions digit of 18264413?
1
What is the hundred millions digit of 5651566695?
6
What is the units digit of 4416987161?
1
What is the tens digit of 1044895443?
4
What is the ten thousands digit of 3370516420?
1
What is the hundred millions digit of 197627500?
1
What is the hundred thousands digit of 437088367?
0
What is the thousands digit of 760290898?
0
What is the millions digit of 32638114?
2
What is the thousands digit of 2560924929?
4
What is the tens digit of 29624330?
3
What is the ten millions digit of 450313067?
5
What is the tens digit of 6496686573?
7
What is the units digit of 2699406239?
9
What is the hundred thousands digit of 5355805778?
8
What is the tens digit of 5917615646?
4
What is the thousands digit of 595553428?
3
What is the hundred millions digit of 1332241561?
3
What is the hundreds digit of 755009648?
6
What is the ten thousands digit of 3785658387?
5
What is the ten millions digit of 1961583673?
6
What is the hundred thousands digit of 3547189002?
1
What is the ten millions digit of 16474915?
1
What is the thousands digit of 5685708?
5
What is the thousands digit of 6658550?
8
What is the hundred millions digit of 129036543?
1
What is the ten millions digit of 3158036041?
5
What is the ten thousands digit of 2088101704?
0
What is the ten thousands digit of 26136281?
3
What is the millions digit of 107322183?
7
What is the tens digit of 131126146?
4
What is the hundred thousands digit of 315537345?
5
What is the millions digit of 4709614082?
9
What is the hundred millions digit of 146409210?
1
What is the thousands digit of 111957244?
7
What is the mi